{"id":1251,"date":"2009-11-06T11:52:58","date_gmt":"2009-11-06T10:52:58","guid":{"rendered":"http:\/\/www.diaolin.com\/wordpress\/?page_id=1251"},"modified":"2011-06-10T07:17:22","modified_gmt":"2011-06-10T06:17:22","slug":"sciapotade-co-la-ziboga","status":"publish","type":"page","link":"https:\/\/www.diaolin.com\/wordpress\/?page_id=1251","title":{"rendered":"S\u2019ciapot\u00e0de co la zib\u00f2ga\u2026"},"content":{"rendered":"<h2 class=\"sub-title-primary\"><\/h2> <p><a href=\"https:\/\/www.diaolin.com\/wordpress\/wp-images\/media\/2009\/11\/Ls-v2-copy-2.jpg\" rel=\"lightbox[1251]\"><\/a><\/p>\n<p><a href=\"https:\/\/www.diaolin.com\/wordpress\/wp-images\/media\/2009\/11\/grumes.jpeg\" rel=\"lightbox[1251]\"><img loading=\"lazy\" decoding=\"async\" class=\"aligncenter size-large wp-image-1341\" title=\"grumes\" src=\"https:\/\/www.diaolin.com\/wordpress\/wp-images\/media\/2009\/11\/grumes-723x1024.jpg\" alt=\"grumes\" width=\"723\" height=\"1024\" \/><\/a><\/p>\n<p><strong>S&#8217;ciapot\u00e0de co la zib\u00f2ga<\/strong><\/p>\n<p><strong>na storia che no finise mai<\/strong><\/p>\n<p>pensieri di oggi su uno strumento che \u00e8 stato il juke box di molte generazioni, senza gettoni<\/p>\n<p>Un ringraziamento al gruppo UAPA CANAPA di Grumes<\/p>\n<p>Lo spettacolo si terr\u00e0\u00a0 venerd\u00ec 8 gennaio 2010 alle ore 21.00<br \/>\nalla sala &#8220;le fontanelle&#8221;&#8230;<\/p>\n","protected":false},"excerpt":{"rendered":"<p>S&#8217;ciapot\u00e0de co la zib\u00f2ga na storia che no finise mai pensieri di oggi su uno strumento che \u00e8 stato il juke box di molte generazioni, senza gettoni Un ringraziamento al gruppo UAPA CANAPA di Grumes Lo spettacolo si terr\u00e0\u00a0 venerd\u00ec 8 gennaio 2010 alle ore 21.00 alla sala &#8220;le fontanelle&#8221;&#8230;<\/p>\n","protected":false},"author":5,"featured_media":0,"parent":648,"menu_order":3,"comment_status":"closed","ping_status":"closed","template":"template2.php","meta":{"footnotes":""},"categories":[3],"_links":{"self":[{"href":"https:\/\/www.diaolin.com\/wordpress\/index.php?rest_route=\/wp\/v2\/pages\/1251"}],"collection":[{"href":"https:\/\/www.diaolin.com\/wordpress\/index.php?rest_route=\/wp\/v2\/pages"}],"about":[{"href":"https:\/\/www.diaolin.com\/wordpress\/index.php?rest_route=\/wp\/v2\/types\/page"}],"author":[{"embeddable":true,"href":"https:\/\/www.diaolin.com\/wordpress\/index.php?rest_route=\/wp\/v2\/users\/5"}],"replies":[{"embeddable":true,"href":"https:\/\/www.diaolin.com\/wordpress\/index.php?rest_route=%2Fwp%2Fv2%2Fcomments&post=1251"}],"version-history":[{"count":18,"href":"https:\/\/www.diaolin.com\/wordpress\/index.php?rest_route=\/wp\/v2\/pages\/1251\/revisions"}],"predecessor-version":[{"id":2833,"href":"https:\/\/www.diaolin.com\/wordpress\/index.php?rest_route=\/wp\/v2\/pages\/1251\/revisions\/2833"}],"up":[{"embeddable":true,"href":"https:\/\/www.diaolin.com\/wordpress\/index.php?rest_route=\/wp\/v2\/pages\/648"}],"wp:attachment":[{"href":"https:\/\/www.diaolin.com\/wordpress\/index.php?rest_route=%2Fwp%2Fv2%2Fmedia&parent=1251"}],"wp:term":[{"taxonomy":"category","embeddable":true,"href":"https:\/\/www.diaolin.com\/wordpress\/index.php?rest_route=%2Fwp%2Fv2%2Fcategories&post=1251"}],"curies":[{"name":"wp","href":"https:\/\/api.w.org\/{rel}","templated":true}]}}