{"id":1735,"date":"2010-07-16T15:42:17","date_gmt":"2010-07-16T14:42:17","guid":{"rendered":"http:\/\/www.diaolin.com\/wordpress\/?page_id=1735"},"modified":"2011-06-10T07:17:17","modified_gmt":"2011-06-10T06:17:17","slug":"al-cant-del-gal","status":"publish","type":"page","link":"https:\/\/www.diaolin.com\/wordpress\/?page_id=1735","title":{"rendered":"al cant del gal\u2026."},"content":{"rendered":"<h2 class=\"sub-title-primary\"><\/h2> <p><a href=\"https:\/\/www.diaolin.com\/wordpress\/wp-images\/media\/2010\/07\/20011.jpg\" rel=\"lightbox[1735]\"><br \/>\n<\/a><a href=\"https:\/\/www.diaolin.com\/wordpress\/wp-images\/media\/2010\/07\/Manifesto_2010.jpg\" rel=\"lightbox[1735]\"><br \/>\n<\/a><\/p>\n<h2 style=\"text-align: center;\"><a href=\"https:\/\/www.diaolin.com\/wordpress\/wp-images\/media\/2010\/07\/manifesto1.jpg\" rel=\"lightbox[1735]\"><img loading=\"lazy\" decoding=\"async\" class=\"aligncenter size-large wp-image-1778\" title=\"manifesto\" src=\"https:\/\/www.diaolin.com\/wordpress\/wp-images\/media\/2010\/07\/manifesto1-706x1024.jpg\" alt=\"\" width=\"706\" height=\"1024\" \/><\/a><\/h2>\n<h2 style=\"text-align: center;\">al cant del gal<\/h2>\n<h2 style=\"text-align: center;\">entr\u00e0 l&#8217;ombr\u00eca del d\u00ec e &#8216;l slusor de la n\u00f2t<\/h2>\n<h3 style=\"text-align: center;\"><strong>22.08.10<\/strong><\/h3>\n<h3 style=\"text-align: center;\"><strong>voci e suoni<\/strong><\/h3>\n<h3 style=\"text-align: center;\"><strong>dalla<\/strong><\/h3>\n<h3 style=\"text-align: center;\"><strong>montagna<\/strong><\/h3>\n<h3 style=\"text-align: center;\"><strong>Un risveglio alternativo osservando il Brenta da un posto privilegiato&#8230;.<\/strong><\/h3>\n<h3 style=\"text-align: center;\"><strong>ritrovo a Sover localit\u00e0 Vernera alle ore 05:00 del 22 agosto 2010<br \/>\ne partenza dalla malga Vernera<br \/>\na piedi per arrivare in localit\u00e0 Cimati<br \/>\nascoltando il sorgere del sole sul Brenta<\/strong><\/h3>\n<h3 style=\"text-align: center;\"><strong>ECHI DI ROBERTO (ROSSO) E MARCO (CAPETA)<\/strong><\/h3>\n<h3 style=\"text-align: center;\">VOCI DI DIAOLIN E MARIANO DA CIORLAGA<\/h3>\n<h3 style=\"text-align: center;\">IMPRONTE DI MASSIMO PISETTA<\/h3>\n<h3 style=\"text-align: center;\">TREMENTINA DI CORRADO DA CAORIANA<\/h3>\n<p style=\"text-align: center;\">\n<p style=\"text-align: center;\">\n<p style=\"text-align: center;\">\n<p style=\"text-align: center;\"><a href=\"https:\/\/www.diaolin.com\/wordpress\/libro\/alba\/alba.pdf\" target=\"_blank\">il testo \u00e8 qui <\/a><\/p>\n","protected":false},"excerpt":{"rendered":"<p>al cant del gal entr\u00e0 l&#8217;ombr\u00eca del d\u00ec e &#8216;l slusor de la n\u00f2t 22.08.10 voci e suoni dalla montagna Un risveglio alternativo osservando il Brenta da un posto privilegiato&#8230;. ritrovo a Sover localit\u00e0 Vernera alle ore 05:00 del 22 agosto 2010 e partenza dalla malga Vernera a piedi per arrivare in localit\u00e0 Cimati ascoltando &hellip; <\/p>\n<p class=\"link-more\"><a href=\"https:\/\/www.diaolin.com\/wordpress\/?page_id=1735\" class=\"more-link\">Leggi tutto<span class=\"screen-reader-text\"> &#8220;al cant del gal\u2026.&#8221;<\/span><\/a><\/p>\n","protected":false},"author":5,"featured_media":0,"parent":648,"menu_order":0,"comment_status":"closed","ping_status":"closed","template":"template2.php","meta":{"footnotes":""},"categories":[],"_links":{"self":[{"href":"https:\/\/www.diaolin.com\/wordpress\/index.php?rest_route=\/wp\/v2\/pages\/1735"}],"collection":[{"href":"https:\/\/www.diaolin.com\/wordpress\/index.php?rest_route=\/wp\/v2\/pages"}],"about":[{"href":"https:\/\/www.diaolin.com\/wordpress\/index.php?rest_route=\/wp\/v2\/types\/page"}],"author":[{"embeddable":true,"href":"https:\/\/www.diaolin.com\/wordpress\/index.php?rest_route=\/wp\/v2\/users\/5"}],"replies":[{"embeddable":true,"href":"https:\/\/www.diaolin.com\/wordpress\/index.php?rest_route=%2Fwp%2Fv2%2Fcomments&post=1735"}],"version-history":[{"count":15,"href":"https:\/\/www.diaolin.com\/wordpress\/index.php?rest_route=\/wp\/v2\/pages\/1735\/revisions"}],"predecessor-version":[{"id":2826,"href":"https:\/\/www.diaolin.com\/wordpress\/index.php?rest_route=\/wp\/v2\/pages\/1735\/revisions\/2826"}],"up":[{"embeddable":true,"href":"https:\/\/www.diaolin.com\/wordpress\/index.php?rest_route=\/wp\/v2\/pages\/648"}],"wp:attachment":[{"href":"https:\/\/www.diaolin.com\/wordpress\/index.php?rest_route=%2Fwp%2Fv2%2Fmedia&parent=1735"}],"wp:term":[{"taxonomy":"category","embeddable":true,"href":"https:\/\/www.diaolin.com\/wordpress\/index.php?rest_route=%2Fwp%2Fv2%2Fcategories&post=1735"}],"curies":[{"name":"wp","href":"https:\/\/api.w.org\/{rel}","templated":true}]}}