{"id":3563,"date":"2012-06-20T20:15:47","date_gmt":"2012-06-20T19:15:47","guid":{"rendered":"http:\/\/www.diaolin.com\/wordpress\/?page_id=3563"},"modified":"2013-04-08T08:04:04","modified_gmt":"2013-04-08T07:04:04","slug":"susuti-dal-rio","status":"publish","type":"page","link":"https:\/\/www.diaolin.com\/wordpress\/?page_id=3563","title":{"rendered":"Sus\u00f9ri dal r\u00eco&#8230;"},"content":{"rendered":"<h2 class=\"sub-title-primary\"><\/h2> <p style=\"text-align: center;\"><img loading=\"lazy\" decoding=\"async\" class=\"aligncenter  wp-image-3578\" title=\"250871-sequenza800\" src=\"https:\/\/www.diaolin.com\/wordpress\/img\/\/250871-sequenza800.gif\" alt=\"\" width=\"440\" height=\"440\" srcset=\"https:\/\/www.diaolin.com\/wordpress\/img\/250871-sequenza800.gif 800w, https:\/\/www.diaolin.com\/wordpress\/img\/250871-sequenza800-150x150.gif 150w, https:\/\/www.diaolin.com\/wordpress\/img\/250871-sequenza800-300x300.gif 300w\" sizes=\"(max-width: 440px) 100vw, 440px\" \/><\/p>\n<h1 style=\"text-align: center;\">Sus\u00f9ri dal r\u00eco<\/h1>\n<p style=\"text-align: center;\"><strong>RESPIRI \u2018N L\u00d2NGA A \u2018L AV\u00ccS<\/strong><\/p>\n<p style=\"text-align: center;\"><strong>SABATO 25 AGOSTO ORE 22.00<\/strong><br \/>\nperformance poetico-musicale al<br \/>\n\u201cP\u00f2nt de la Rio\u201d<br \/>\n(finir\u00e0 con una chiacchierata attorno al fuoco finch\u00e9 vincer\u00e0 la notte)<\/p>\n<p style=\"text-align: center;\"><strong>DOMENICA 26 AGOSTO ORE 06.00<\/strong><br \/>\npartenza dal \u201cP\u00f2nt de la Rio\u201d all\u2019alba<br \/>\nverso il Castel\u00ecr sul sentiero dei vecchi mestieri<br \/>\n(attenderemo l\u2019alba con il sussurro della valle ed un po\u2019 di noi)<br \/>\n<strong>(anche in caso di pioggia)<\/strong><\/p>\n<p style=\"text-align: center;\">Coro Gospel: <strong>Coro Novo Spiritu<\/strong> (TN)<br \/>\nDidgeridoo: <strong>Robert Mitterrutzzner<\/strong> (BZ)<br \/>\nCorno alpino e tromba: <strong>Martino Nicolodi<\/strong> (TN)<br \/>\nPoeti e scrittori: <strong>Antonio G. Della Rocca (TS), Oscar Clo\u2019 (MO,<\/strong><br \/>\n<strong> Mariano da Ciorl\u00e0ga (TN), Livio Andreatta (TN), Alex Zancanella (TN),<\/strong><br \/>\n<strong> Diaolin (Giuliano Natali) (TN), Lina Morselli (MN), Mirko Dalle Mulle (BL)<\/strong><br \/>\nLuoghi:<strong> L\u2019Av\u00ecs e le gi\u00e0re &#8211; torrente, sassi e masi<\/strong><\/p>\n","protected":false},"excerpt":{"rendered":"<p>Sus\u00f9ri dal r\u00eco RESPIRI \u2018N L\u00d2NGA A \u2018L AV\u00ccS SABATO 25 AGOSTO ORE 22.00 performance poetico-musicale al \u201cP\u00f2nt de la Rio\u201d (finir\u00e0 con una chiacchierata attorno al fuoco finch\u00e9 vincer\u00e0 la notte) DOMENICA 26 AGOSTO ORE 06.00 partenza dal \u201cP\u00f2nt de la Rio\u201d all\u2019alba verso il Castel\u00ecr sul sentiero dei vecchi mestieri (attenderemo l\u2019alba con &hellip; <\/p>\n<p class=\"link-more\"><a href=\"https:\/\/www.diaolin.com\/wordpress\/?page_id=3563\" class=\"more-link\">Leggi tutto<span class=\"screen-reader-text\"> &#8220;Sus\u00f9ri dal r\u00eco&#8230;&#8221;<\/span><\/a><\/p>\n","protected":false},"author":5,"featured_media":0,"parent":4053,"menu_order":0,"comment_status":"open","ping_status":"closed","template":"","meta":{"footnotes":""},"categories":[],"_links":{"self":[{"href":"https:\/\/www.diaolin.com\/wordpress\/index.php?rest_route=\/wp\/v2\/pages\/3563"}],"collection":[{"href":"https:\/\/www.diaolin.com\/wordpress\/index.php?rest_route=\/wp\/v2\/pages"}],"about":[{"href":"https:\/\/www.diaolin.com\/wordpress\/index.php?rest_route=\/wp\/v2\/types\/page"}],"author":[{"embeddable":true,"href":"https:\/\/www.diaolin.com\/wordpress\/index.php?rest_route=\/wp\/v2\/users\/5"}],"replies":[{"embeddable":true,"href":"https:\/\/www.diaolin.com\/wordpress\/index.php?rest_route=%2Fwp%2Fv2%2Fcomments&post=3563"}],"version-history":[{"count":14,"href":"https:\/\/www.diaolin.com\/wordpress\/index.php?rest_route=\/wp\/v2\/pages\/3563\/revisions"}],"predecessor-version":[{"id":4065,"href":"https:\/\/www.diaolin.com\/wordpress\/index.php?rest_route=\/wp\/v2\/pages\/3563\/revisions\/4065"}],"up":[{"embeddable":true,"href":"https:\/\/www.diaolin.com\/wordpress\/index.php?rest_route=\/wp\/v2\/pages\/4053"}],"wp:attachment":[{"href":"https:\/\/www.diaolin.com\/wordpress\/index.php?rest_route=%2Fwp%2Fv2%2Fmedia&parent=3563"}],"wp:term":[{"taxonomy":"category","embeddable":true,"href":"https:\/\/www.diaolin.com\/wordpress\/index.php?rest_route=%2Fwp%2Fv2%2Fcategories&post=3563"}],"curies":[{"name":"wp","href":"https:\/\/api.w.org\/{rel}","templated":true}]}}